{"id":95,"date":"2025-12-17T10:41:24","date_gmt":"2025-12-17T10:41:24","guid":{"rendered":"https:\/\/botanikasacra.kts.eus\/?page_id=95"},"modified":"2025-12-19T09:28:19","modified_gmt":"2025-12-19T09:28:19","slug":"quienes-somos","status":"publish","type":"page","link":"https:\/\/botanikasacra.kts.eus\/?page_id=95","title":{"rendered":"\u00bfQui\u00e9nes somos?"},"content":{"rendered":"\n<div class=\"wp-block-media-text is-stacked-on-mobile\"><figure class=\"wp-block-media-text__media\"><img loading=\"lazy\" decoding=\"async\" width=\"736\" height=\"920\" src=\"https:\/\/botanikasacra.kts.eus\/wp-content\/uploads\/2025\/12\/39.jpeg\" alt=\"\" class=\"wp-image-83 size-full\" srcset=\"https:\/\/botanikasacra.kts.eus\/wp-content\/uploads\/2025\/12\/39.jpeg 736w, https:\/\/botanikasacra.kts.eus\/wp-content\/uploads\/2025\/12\/39-240x300.jpeg 240w\" sizes=\"auto, (max-width: 736px) 100vw, 736px\" \/><\/figure><div class=\"wp-block-media-text__content\">\n<p class=\"has-ast-global-color-2-color has-text-color has-link-color wp-elements-3048b54a9d58c474dcd75295fcce4d72\">\u00bfQU\u00c9 ES BOTANIKA SACRA?<br>(biodin\u00e1mica-SAL \u00b7 espagiria-AZUFRE \u00b7 peque\u00f1o formato-MERCURIO)<\/p>\n<\/div><\/div>\n\n\n\n<div class=\"wp-block-media-text has-media-on-the-right is-stacked-on-mobile\"><div class=\"wp-block-media-text__content\">\n<p class=\"has-ast-global-color-2-color has-text-color has-link-color wp-elements-60ec4e1f20d307489a1c5bf4463c4047\">PLANTACIONES BIODIN\u00c1MICAS<\/p>\n\n\n\n<p class=\"has-ast-global-color-2-color has-text-color has-link-color wp-elements-6913d004bba69dea207618239d18f754\">Trabajamos la tierra en temporadas cortas y atentas al calendario lunar. Sembramos, cuidamos y cosechamos a mano \u2014salvia, lavanda, cal\u00e9ndula, romero\u2014 dejando que el suelo respire y la planta exprese su car\u00e1cter. El tiempo y la luna son nuestros maestros.<\/p>\n<\/div><figure class=\"wp-block-media-text__media\"><img loading=\"lazy\" decoding=\"async\" width=\"683\" height=\"1024\" src=\"https:\/\/botanikasacra.kts.eus\/wp-content\/uploads\/2025\/12\/51-683x1024.jpeg\" alt=\"\" class=\"wp-image-78 size-full\" srcset=\"https:\/\/botanikasacra.kts.eus\/wp-content\/uploads\/2025\/12\/51-683x1024.jpeg 683w, https:\/\/botanikasacra.kts.eus\/wp-content\/uploads\/2025\/12\/51-200x300.jpeg 200w, https:\/\/botanikasacra.kts.eus\/wp-content\/uploads\/2025\/12\/51.jpeg 736w\" sizes=\"auto, (max-width: 683px) 100vw, 683px\" \/><\/figure><\/div>\n\n\n\n<div class=\"wp-block-media-text is-stacked-on-mobile\"><figure class=\"wp-block-media-text__media\"><img loading=\"lazy\" decoding=\"async\" width=\"614\" height=\"1024\" src=\"https:\/\/botanikasacra.kts.eus\/wp-content\/uploads\/2025\/12\/49-614x1024.jpeg\" alt=\"\" class=\"wp-image-76 size-full\" srcset=\"https:\/\/botanikasacra.kts.eus\/wp-content\/uploads\/2025\/12\/49-614x1024.jpeg 614w, https:\/\/botanikasacra.kts.eus\/wp-content\/uploads\/2025\/12\/49-180x300.jpeg 180w, https:\/\/botanikasacra.kts.eus\/wp-content\/uploads\/2025\/12\/49.jpeg 736w\" sizes=\"auto, (max-width: 614px) 100vw, 614px\" \/><\/figure><div class=\"wp-block-media-text__content\">\n<p class=\"has-ast-global-color-2-color has-text-color has-link-color wp-elements-af5689e0e791f2f6044d123e70c060e4\">ESPAGIRIA: TRIA PRIMA<br>Nuestra alquimia honra el sal \u2013 azufre \u2013 mercurio:<br>Sal (cuerpo): la parte mineral de la planta, purificada con calma, que aporta sost\u00e9n.<br>Azufre (alma): sus fracciones arom\u00e1ticas y oleosas, extra\u00eddas a baja temperatura.<br>Mercurio (esp\u00edritu): el veh\u00edculo sutil que recoge y comunica la informaci\u00f3n de la planta.<br>Despu\u00e9s, reunimos lo separado: el todo vuelve a estar presente, m\u00e1s \u00edntegro, renovado y potente.<\/p>\n<\/div><\/div>\n\n\n\n<div class=\"wp-block-media-text has-media-on-the-right is-stacked-on-mobile\"><div class=\"wp-block-media-text__content\">\n<p class=\"has-ast-global-color-2-color has-text-color has-link-color wp-elements-c6290942aa477a2c5ec2e00c02dd523e\">PEQUE\u00d1O FORMATO, PRODUCCI\u00d3N LOCAL<br>Trabajamos en lotes numerados y estacionales. As\u00ed aseguramos la trazabilidad, frescura y cercan\u00eda, sin prisa y con las manos dentro del proceso de principio a fin. Preferimos tierra de casa, materiales honestos y f\u00f3rmulas que respetan el ritmo natural.<\/p>\n\n\n\n<p><\/p>\n<\/div><figure class=\"wp-block-media-text__media\"><img loading=\"lazy\" decoding=\"async\" width=\"736\" height=\"888\" src=\"https:\/\/botanikasacra.kts.eus\/wp-content\/uploads\/2025\/12\/46.jpeg\" alt=\"\" class=\"wp-image-74 size-full\" srcset=\"https:\/\/botanikasacra.kts.eus\/wp-content\/uploads\/2025\/12\/46.jpeg 736w, https:\/\/botanikasacra.kts.eus\/wp-content\/uploads\/2025\/12\/46-249x300.jpeg 249w\" sizes=\"auto, (max-width: 736px) 100vw, 736px\" \/><\/figure><\/div>\n\n\n\n<p><\/p>\n","protected":false},"excerpt":{"rendered":"<p>\u00bfQU\u00c9 ES BOTANIKA SACRA?(biodin\u00e1mica-SAL \u00b7 espagiria-AZUFRE \u00b7 peque\u00f1o formato-MERCURIO) PLANTACIONES BIODIN\u00c1MICAS Trabajamos la tierra en temporadas cortas y atentas al [&hellip;]<\/p>\n","protected":false},"author":1,"featured_media":0,"parent":0,"menu_order":0,"comment_status":"closed","ping_status":"closed","template":"","meta":{"site-sidebar-layout":"default","site-content-layout":"","ast-site-content-layout":"default","site-content-style":"default","site-sidebar-style":"default","ast-global-header-display":"","ast-banner-title-visibility":"","ast-main-header-display":"","ast-hfb-above-header-display":"","ast-hfb-below-header-display":"","ast-hfb-mobile-header-display":"","site-post-title":"","ast-breadcrumbs-content":"","ast-featured-img":"","footer-sml-layout":"","theme-transparent-header-meta":"","adv-header-id-meta":"","stick-header-meta":"","header-above-stick-meta":"","header-main-stick-meta":"","header-below-stick-meta":"","astra-migrate-meta-layouts":"default","ast-page-background-enabled":"default","ast-page-background-meta":{"desktop":{"background-color":"var(--ast-global-color-5)","background-image":"","background-repeat":"repeat","background-position":"center center","background-size":"auto","background-attachment":"scroll","background-type":"","background-media":"","overlay-type":"","overlay-color":"","overlay-opacity":"","overlay-gradient":""},"tablet":{"background-color":"","background-image":"","background-repeat":"repeat","background-position":"center center","background-size":"auto","background-attachment":"scroll","background-type":"","background-media":"","overlay-type":"","overlay-color":"","overlay-opacity":"","overlay-gradient":""},"mobile":{"background-color":"","background-image":"","background-repeat":"repeat","background-position":"center center","background-size":"auto","background-attachment":"scroll","background-type":"","background-media":"","overlay-type":"","overlay-color":"","overlay-opacity":"","overlay-gradient":""}},"ast-content-background-meta":{"desktop":{"background-color":"var(--ast-global-color-4)","background-image":"","background-repeat":"repeat","background-position":"center center","background-size":"auto","background-attachment":"scroll","background-type":"","background-media":"","overlay-type":"","overlay-color":"","overlay-opacity":"","overlay-gradient":""},"tablet":{"background-color":"var(--ast-global-color-4)","background-image":"","background-repeat":"repeat","background-position":"center center","background-size":"auto","background-attachment":"scroll","background-type":"","background-media":"","overlay-type":"","overlay-color":"","overlay-opacity":"","overlay-gradient":""},"mobile":{"background-color":"var(--ast-global-color-4)","background-image":"","background-repeat":"repeat","background-position":"center center","background-size":"auto","background-attachment":"scroll","background-type":"","background-media":"","overlay-type":"","overlay-color":"","overlay-opacity":"","overlay-gradient":""}},"footnotes":""},"class_list":["post-95","page","type-page","status-publish","hentry"],"_links":{"self":[{"href":"https:\/\/botanikasacra.kts.eus\/index.php?rest_route=\/wp\/v2\/pages\/95","targetHints":{"allow":["GET"]}}],"collection":[{"href":"https:\/\/botanikasacra.kts.eus\/index.php?rest_route=\/wp\/v2\/pages"}],"about":[{"href":"https:\/\/botanikasacra.kts.eus\/index.php?rest_route=\/wp\/v2\/types\/page"}],"author":[{"embeddable":true,"href":"https:\/\/botanikasacra.kts.eus\/index.php?rest_route=\/wp\/v2\/users\/1"}],"replies":[{"embeddable":true,"href":"https:\/\/botanikasacra.kts.eus\/index.php?rest_route=%2Fwp%2Fv2%2Fcomments&post=95"}],"version-history":[{"count":6,"href":"https:\/\/botanikasacra.kts.eus\/index.php?rest_route=\/wp\/v2\/pages\/95\/revisions"}],"predecessor-version":[{"id":109,"href":"https:\/\/botanikasacra.kts.eus\/index.php?rest_route=\/wp\/v2\/pages\/95\/revisions\/109"}],"wp:attachment":[{"href":"https:\/\/botanikasacra.kts.eus\/index.php?rest_route=%2Fwp%2Fv2%2Fmedia&parent=95"}],"curies":[{"name":"wp","href":"https:\/\/api.w.org\/{rel}","templated":true}]}}